{"id":355,"date":"2014-02-15T20:17:15","date_gmt":"2014-02-15T19:17:15","guid":{"rendered":"http:\/\/www.dream-of-a-golden-charm.de\/?page_id=355"},"modified":"2017-07-22T14:05:18","modified_gmt":"2017-07-22T12:05:18","slug":"welpen-und-aufzucht","status":"publish","type":"page","link":"http:\/\/www.dream-of-a-golden-charm.de\/?page_id=355","title":{"rendered":"Welpen und Aufzucht"},"content":{"rendered":"<p><div class='content-column three_fifth'>F\u00fcr die gesunde Entwicklung eines Welpen ist es erforderlich, dass auf die Auswahl der H\u00fcndin und des R\u00fcden und deren Vorfahren eine besondere Aufmerksamkeit gelegt wird. Bei beiden Tieren m\u00fcssen die erforderlichen Voruntersuchungen (z.B. HD\/ED-R\u00f6ntgenuntersuchung und Auswertung \u00fcber einen Gutachter, Augenuntersuchung durch einen DOK Gutachter) vor der Verpaarung vorgenommen worden sein.\u00a0Zus\u00e4tzlich habe ich bei meinen H\u00fcndinnen freiwillige\u00a0Gentests von rassetypischen Erkrankungen machen lassen,\u00a0damit eine\u00a0bessere Vorauswahl bei k\u00fcnftigen Verpaarungen getroffen werden k\u00f6nnen. Dieses erwarten wir auch von unseren zuk\u00fcnftigen Deckr\u00fcden. Weiterhin sollte bei den diversen Zucht- und Rasseschauen der Rassestandard und die Zuchttauglichkeit \u00fcberpr\u00fcft werden. Die Ergebnisse der Untersuchungen und \u00dcberpr\u00fcfungen m\u00fcssen einwandfrei und belegbar sein.<br \/>\nDie Zuchtst\u00e4tte und die Welpen werden durch einen offiziellen Zuchtwart des Verbandes begutachtet.<\/p>\n<p>Da wir sehr gro\u00dfen Wert auf den Familienanschluss legen, findet die Geburt, wie auch die Aufzucht der Welpen im normalen Lebensbereich unserer Familie statt.<br \/>\nDie Welpen werden durch die Integration in unseren Alltag an die allt\u00e4glichen Abl\u00e4ufe und Ger\u00e4uschkulissen gew\u00f6hnt. Sie lernen im Laufe der Aufzucht den Umgang mit vielen Menschen, die unterschiedlichsten Ger\u00e4usche und Dinge, das Mitfahren im Auto und den Umgang mit verschiedenen Untergr\u00fcnden kennen.<\/p>\n<p>Unsere Welpen werden fr\u00fchestens mit 8 Wochen in ihr neues Zuhause ziehen k\u00f6nnen und werden zu diesem Zeitpunkt sehr gut sozialisiert, mehrfach entwurmt, geimpft und nat\u00fcrlich auch gechiped sein.<\/p>\n<p>Die Welpen erhalten mit dem \u00dcbergang in ihr neues Familienrudel eine Ahnentafel unseres Verbandes, eine Gesundheitsbescheinigung durch den Tierarzt, einen EU-Heimtierausweis (f\u00fcr Impfungen), ein Welpenstartpaket und zur besseren Eingew\u00f6hnung in das neue Heim eine Schmusedecke mit den Ger\u00fcchen der Mutter und der Geschwister.<br \/>\nZus\u00e4tzlich stellen wir eine Welpeninformationsmappe mit vielen Informationen und Tipps wie z.B. Futterplan, Welpenpflege, etc. zusammen.<\/p>\n<p>Da mir die Welpen sehr am Herzen liegen, w\u00fcnsche ich mir einen regelm\u00e4\u00dfigen Kontakt zu meinen zuk\u00fcnftigen Welpenbesitzern. Ich m\u00f6chte Ihnen mit Rat und Tat zur Seite stehen, damit aus dem kleinen Welpen ein ausgeglichener, wesensfester, gesunder und gl\u00fccklicher Golden Retriever wird.<\/p><\/div><br \/>\n<div class='content-column two_fifth last_column'><img decoding=\"async\" loading=\"lazy\" class=\"alignnone size-medium wp-image-372\" src=\"http:\/\/www.dream-of-a-golden-charm.de\/wp-content\/uploads\/2014\/02\/Charming_Tunnel-300x199.jpg\" alt=\"Charming_Tunnel\" width=\"300\" height=\"199\" srcset=\"http:\/\/www.dream-of-a-golden-charm.de\/wp-content\/uploads\/2014\/02\/Charming_Tunnel-300x199.jpg 300w, http:\/\/www.dream-of-a-golden-charm.de\/wp-content\/uploads\/2014\/02\/Charming_Tunnel.jpg 350w\" sizes=\"(max-width: 300px) 100vw, 300px\" \/><br \/>\n<a href=\"http:\/\/www.dream-of-a-golden-charm.de\/wp-content\/uploads\/2014\/02\/Charming_1708.jpg\"><img decoding=\"async\" loading=\"lazy\" class=\"alignnone size-medium wp-image-374\" src=\"http:\/\/www.dream-of-a-golden-charm.de\/wp-content\/uploads\/2014\/02\/Charming_1708-300x200.jpg\" alt=\"Charming_1708\" width=\"300\" height=\"200\" srcset=\"http:\/\/www.dream-of-a-golden-charm.de\/wp-content\/uploads\/2014\/02\/Charming_1708-300x200.jpg 300w, http:\/\/www.dream-of-a-golden-charm.de\/wp-content\/uploads\/2014\/02\/Charming_1708.jpg 525w\" sizes=\"(max-width: 300px) 100vw, 300px\" \/><\/a><br \/><\/div><div class='clear_column'><\/div><\/p>\n","protected":false},"excerpt":{"rendered":"","protected":false},"author":1,"featured_media":0,"parent":0,"menu_order":0,"comment_status":"closed","ping_status":"open","template":"page-templates\/page-left-column.php","meta":{"ngg_post_thumbnail":0},"_links":{"self":[{"href":"http:\/\/www.dream-of-a-golden-charm.de\/index.php?rest_route=\/wp\/v2\/pages\/355"}],"collection":[{"href":"http:\/\/www.dream-of-a-golden-charm.de\/index.php?rest_route=\/wp\/v2\/pages"}],"about":[{"href":"http:\/\/www.dream-of-a-golden-charm.de\/index.php?rest_route=\/wp\/v2\/types\/page"}],"author":[{"embeddable":true,"href":"http:\/\/www.dream-of-a-golden-charm.de\/index.php?rest_route=\/wp\/v2\/users\/1"}],"replies":[{"embeddable":true,"href":"http:\/\/www.dream-of-a-golden-charm.de\/index.php?rest_route=%2Fwp%2Fv2%2Fcomments&post=355"}],"version-history":[{"count":25,"href":"http:\/\/www.dream-of-a-golden-charm.de\/index.php?rest_route=\/wp\/v2\/pages\/355\/revisions"}],"predecessor-version":[{"id":2443,"href":"http:\/\/www.dream-of-a-golden-charm.de\/index.php?rest_route=\/wp\/v2\/pages\/355\/revisions\/2443"}],"wp:attachment":[{"href":"http:\/\/www.dream-of-a-golden-charm.de\/index.php?rest_route=%2Fwp%2Fv2%2Fmedia&parent=355"}],"curies":[{"name":"wp","href":"https:\/\/api.w.org\/{rel}","templated":true}]}}