{"id":980,"date":"2014-06-18T13:08:27","date_gmt":"2014-06-18T11:08:27","guid":{"rendered":"http:\/\/www.dream-of-a-golden-charm.de\/?page_id=980"},"modified":"2014-06-18T13:08:27","modified_gmt":"2014-06-18T11:08:27","slug":"8-woche","status":"publish","type":"page","link":"http:\/\/www.dream-of-a-golden-charm.de\/?page_id=980","title":{"rendered":"8. Woche"},"content":{"rendered":"<p>Unsere Goldb\u00e4rchen starten nun in die 8. Woche. Alle haben sich pr\u00e4chtig entwickelt und sind f\u00fcr jeden Unsinn zu haben. Gegenseitiges Raufen,zwicken und nat\u00fcrlich auch Schmusen und Putzen unter den Geschwistern steht auf dem Tagesprogramm.<br \/>\nGestern durften unsere Babys nochmals eine gro\u00dfe Tour mit dem Auto erleben. Die Goldl\u00f6ckchen waren erst einmal wieder etwas aufgeregt dieses legte sich aber sehr schnell und alle schliefen zufrieden ein. Mama Charming sa\u00df ganz stolz bei ihren Kleinen und lie\u00df sie keinen Augenblick aus den Augen.<\/p>\n<p>Herzliche Gr\u00fc\u00dfe sendet<br \/>\nCharming und ihr Rudel<br \/>\nBildergalerie<\/p>\nngg_shortcode_0_placeholder\n","protected":false},"excerpt":{"rendered":"<p>Unsere Goldb\u00e4rchen starten nun in die 8. Woche. Alle haben sich pr\u00e4chtig entwickelt und sind f\u00fcr jeden Unsinn zu haben. Gegenseitiges Raufen,zwicken und nat\u00fcrlich auch Schmusen und Putzen unter den Geschwistern steht auf dem Tagesprogramm. Gestern durften unsere Babys nochmals [&hellip;]<\/p>\n","protected":false},"author":1,"featured_media":0,"parent":0,"menu_order":0,"comment_status":"open","ping_status":"open","template":"page-templates\/page-left-column.php","meta":{"ngg_post_thumbnail":0},"_links":{"self":[{"href":"http:\/\/www.dream-of-a-golden-charm.de\/index.php?rest_route=\/wp\/v2\/pages\/980"}],"collection":[{"href":"http:\/\/www.dream-of-a-golden-charm.de\/index.php?rest_route=\/wp\/v2\/pages"}],"about":[{"href":"http:\/\/www.dream-of-a-golden-charm.de\/index.php?rest_route=\/wp\/v2\/types\/page"}],"author":[{"embeddable":true,"href":"http:\/\/www.dream-of-a-golden-charm.de\/index.php?rest_route=\/wp\/v2\/users\/1"}],"replies":[{"embeddable":true,"href":"http:\/\/www.dream-of-a-golden-charm.de\/index.php?rest_route=%2Fwp%2Fv2%2Fcomments&post=980"}],"version-history":[{"count":4,"href":"http:\/\/www.dream-of-a-golden-charm.de\/index.php?rest_route=\/wp\/v2\/pages\/980\/revisions"}],"predecessor-version":[{"id":984,"href":"http:\/\/www.dream-of-a-golden-charm.de\/index.php?rest_route=\/wp\/v2\/pages\/980\/revisions\/984"}],"wp:attachment":[{"href":"http:\/\/www.dream-of-a-golden-charm.de\/index.php?rest_route=%2Fwp%2Fv2%2Fmedia&parent=980"}],"curies":[{"name":"wp","href":"https:\/\/api.w.org\/{rel}","templated":true}]}}